 the highest common divisor of 27117 and 96285?
393
Calculate the highest common divisor of 182 and 384878.
26
What is the highest common factor of 8662 and 284?
142
Calculate the greatest common factor of 2 and 518431.
1
What is the greatest common divisor of 4087 and 183?
61
What is the highest common factor of 8858 and 80926?
86
Calculate the highest common divisor of 4332 and 592401.
1083
What is the greatest common factor of 232 and 824?
8
Calculate the highest common factor of 1828569 and 138.
69
What is the highest common divisor of 1552 and 105148?
388
What is the greatest common factor of 1537 and 7261?
53
Calculate the greatest common factor of 1259196 and 48.
12
What is the highest common factor of 1968 and 23944?
328
Calculate the greatest common factor of 640 and 41120.
160
What is the highest common divisor of 190 and 54620?
10
What is the highest common divisor of 261 and 68751?
9
Calculate the highest common factor of 8430 and 480.
30
What is the greatest common divisor of 55 and 5080?
5
Calculate the highest common factor of 573 and 67996.
191
What is the greatest common divisor of 133630 and 115?
115
What is the highest common divisor of 18 and 842742?
18
Calculate the highest common factor of 58 and 25810.
58
What is the greatest common factor of 1104 and 84272?
368
What is the greatest common factor of 1408 and 38192?
176
What is the greatest common factor of 64638 and 729?
243
Calculate the highest common factor of 150 and 248550.
150
Calculate the highest common divisor of 90 and 86895.
45
Calculate the highest common factor of 930 and 44826.
186
Calculate the highest common divisor of 80 and 496.
16
Calculate the highest common factor of 131279 and 142.
71
What is the highest common divisor of 63 and 46389?
21
What is the greatest common divisor of 754880 and 280?
280
Calculate the greatest common divisor of 254254 and 8463.
91
What is the highest common divisor of 2 and 8669?
1
Calculate the highest common divisor of 7138 and 78002.
86
Calculate the highest common divisor of 1524796 and 273.
91
Calculate the highest common divisor of 40 and 722340.
20
Calculate the greatest common factor of 7174 and 1266.
422
What is the highest common factor of 374 and 83334?
34
What is the greatest common divisor of 2114 and 770?
14
What is the greatest common divisor of 88242 and 3696?
462
What is the greatest common divisor of 7395 and 4698?
87
Calculate the greatest common factor of 21 and 51387.
21
What is the highest common factor of 400 and 848?
16
Calculate the highest common divisor of 11 and 8811.
11
Calculate the greatest common divisor of 1055 and 727739.
211
What is the greatest common divisor of 26 and 179374?
26
What is the highest common factor of 5605 and 171?
19
What is the highest common divisor of 68635 and 28?
7
Calculate the greatest common divisor of 1365 and 1872.
39
What is the highest common factor of 1015375 and 125?
125
What is the highest common divisor of 341922 and 102?
6
Calculate the highest common factor of 117325 and 25.
25
Calculate the greatest common factor of 19499 and 21607.
527
What is the highest common divisor of 24 and 474102?
6
Calculate the greatest common divisor of 54 and 1492857.
27
Calculate the highest common divisor of 390528 and 6328.
904
What is the highest common divisor of 144 and 55143?
9
Calculate the greatest common factor of 24 and 16528.
8
Calculate the greatest common divisor of 10089 and 1243071.
531
Calculate the highest common factor of 48 and 191730.
6
What is the highest common factor of 2548 and 441?
49
Calculate the highest common factor of 238 and 37849.
7
Calculate the highest common factor of 718371 and 171.
171
What is the greatest common divisor of 72 and 186552?
72
Calculate the greatest common factor of 14715 and 45.
45
What is the highest common factor of 28 and 20888?
28
Calculate the greatest common divisor of 656 and 17630.
82
Calculate the highest common factor of 371106 and 5446.
778
Calculate the highest common factor of 1377 and 369.
9
What is the highest common factor of 354486 and 131?
131
What is the greatest common divisor of 269065 and 40?
5
What is the highest common factor of 279 and 92889?
9
Calculate the greatest common divisor of 22 and 127754.
22
Calculate the highest common factor of 9540 and 1224.
36
What is the highest common factor of 7784 and 2363?
139
What is the highest common divisor of 429765 and 210?
105
Calculate the highest common divisor of 103392 and 126.
18
Calculate the greatest common factor of 79 and 64069.
79
Calculate the greatest common factor of 5536 and 488.
8
What is the greatest common factor of 438 and 40953?
219
Calculate the highest common divisor of 12826 and 451.
11
Calculate the highest common factor of 44 and 16247.
11
What is the greatest common factor of 135 and 28377?
27
What is the highest common factor of 3233 and 2279?
53
What is the greatest common divisor of 7456 and 197351?
233
Calculate the greatest common divisor of 130 and 153803.
13
What is the highest common factor of 16283 and 9427?
857
What is the greatest common divisor of 595 and 37795?
5
What is the greatest common divisor of 13758 and 18?
6
Calculate the greatest common factor of 2325 and 21235.
155
What is the greatest common factor of 1948 and 567355?
487
Calculate the greatest common factor of 29 and 2489128.
29
Calculate the highest common factor of 1519 and 21049.
217
What is the highest common divisor of 23749 and 119?
17
What is the highest common divisor of 14266 and 56?
14
Calculate the greatest common divisor of 142350 and 312.
78
What is the highest common divisor of 924 and 7887?
33
Calculate the highest common divisor of 1235 and 132197.
13
What is the highest common factor of 1946 and 658?
14
What is the greatest common divisor of 204968 and 3?
1
Calculate the highest common factor of 2057 and 793067.
187
What is the highest common divisor of 27 and 4626?
9
What is the highest common factor of 181 and 688343?
181
What is the highest common divisor of 4668 and 36?
12
What is the greatest common divisor of 88077 and 102?
51
What is the highest common divisor of 20 and 3908?
4
What is the greatest common divisor of 298 and 845575?
149
What is the greatest common factor of 813 and 34688?
271
What is the highest common factor of 216 and 1130436?
108
What is the highest common factor of 2768 and 39444?
692
Calculate the greatest common factor of 360780 and 4900.
140
What is the highest common divisor of 35424 and 164?
164
Calculate the highest common factor of 896 and 1016.
8
Calculate the greatest common divisor of 105 and 195.
15
Calculate the greatest common factor of 795 and 316335.
15
What is the greatest common factor of 1932 and 1128?
12
What is the highest common divisor of 6109 and 328?
41
What is the greatest common divisor of 2400 and 251600?
400
What is the highest common factor of 137690 and 140?
70
What is the highest common factor of 96 and 24992?
32
What is the greatest common factor of 416 and 156364?
52
Calculate the highest common factor of 43070 and 1460.
730
Calculate the greatest common divisor of 22781 and 545.
109
What is the highest common divisor of 726 and 2112?
66
Calculate the highest common divisor of 5402 and 1241.
73
What is the greatest common divisor of 654 and 3270?
654
What is the greatest common factor of 2077330 and 10?
10
What is the highest common divisor of 908835 and 255?
15
Calculate the greatest common divisor of 1617 and 4305.
21
Calculate the highest common factor of 34 and 301053.
17
Calculate the greatest common factor of 12897 and 63.
9
Calculate the highest common factor of 80179 and 66.
11
Calculate the highest common divisor of 70 and 440090.
70
Calculate the greatest common factor of 2059 and 6467.
29
What is the highest common divisor of 6 and 31916?
2
What is the greatest common factor of 102438 and 36?
18
Calculate the highest common factor of 36 and 130284.
36
Calculate the highest common divisor of 147 and 30996.
21
What is the highest common divisor of 648 and 568296?
648
What is the greatest common divisor of 88 and 5864?
8
What is the highest common divisor of 179688 and 24?
24
What is the highest common divisor of 2433 and 1626866?
811
Calculate the greatest common fa